{"id":96,"date":"2016-10-07T15:23:33","date_gmt":"2016-10-07T13:23:33","guid":{"rendered":"http:\/\/jkatoulouse.com\/word\/?page_id=96"},"modified":"2016-10-26T23:24:33","modified_gmt":"2016-10-26T21:24:33","slug":"portfolio2","status":"publish","type":"page","link":"https:\/\/jkatoulouse.com\/word\/portfolio2\/","title":{"rendered":"Qu&rsquo;est-ce que le Karat\u00e9 ?"},"content":{"rendered":"<p>D\u00e9cider qui a gagn\u00e9 et qui a perdu n&rsquo;est pas l&rsquo;objectif final.<br \/>\nLe karat\u00e9-do est un art martial qui d\u00e9veloppe le caract\u00e8re \u00e0 travers l&rsquo;entra\u00eenement, de fa\u00e7on \u00e0 ce que les karat\u00e9kas puissent surmonter tous les obstacles, tangibles ou intangibles.<br \/>\nLe karat\u00e9-do est un art d&rsquo;autod\u00e9fense se pratiquant les mains vides. Il entra\u00eene syst\u00e9matiquement les bras et les jambes et permet de ma\u00eetriser un ennemi qui attaque par surprise par une d\u00e9monstration de force \u00e9quivalente \u00e0 celles avec de v\u00e9ritables armes. Le karat\u00e9-do est un exercice \u00e0 travers lequel le karat\u00e9ka contr\u00f4le tous les mouvements corporels, comme les fl\u00e9chissements, les sauts et la stabilisation, en apprenant \u00e0 bouger les membres et le corps en arri\u00e8re et en avant, \u00e0 gauche et \u00e0 droite, en haut et en bas, librement et uniform\u00e9ment.<\/p>\n<p class=\"left\"><img decoding=\"async\" title=\"Mikio Yahara au Makiwara\" src=\"http:\/\/jkatoulouse.com\/images\/mikio_yahara.jpg\" alt=\"\" \/><\/p>\n<p>La bonne ma\u00eetrise des techniques du karat\u00e9-do d\u00e9pend de la volont\u00e9 du karat\u00e9ka et on les dirige sur la cible avec pr\u00e9cision et spontan\u00e9it\u00e9. L&rsquo;essence des techniques de karat\u00e9 est le kim\u00e9, attaque tr\u00e8s rapide contre une cible en utilisant la bonne technique et le maximum de puissance en un minimum de temps. Il y a longtemps, l&rsquo;ex\u00adpression ikken-hissatsu signifiait \u00ab tuer d&rsquo;un coup \u00bb, mais il est dangereux et incorrect d&rsquo;en d\u00e9duire que le meurtre repr\u00e9sente l&rsquo;objectif. Il faut se souvenir que les karat\u00e9kas de jadis \u00e9taient capables de pratiquer kim\u00e9 quotidiennement et avec le plus grand s\u00e9rieux en utilisant le makiwara.<\/p>\n<p>On peut accomplir kim\u00e9 en donnant un coup fouett\u00e9, un coup de poing ou de pied, mais aussi en bloquant. Il est impossible de consid\u00e9rer comme du v\u00e9ritable karat\u00e9 une technique qui manque de kim\u00e9, m\u00eame si elle ressemble beaucoup au karat\u00e9. Les combats ne font pas exception; cependant, le contact n&rsquo;est pas permis en raison du danger en jeu. Sun-dom\u00e9 signifie arr\u00eater une technique juste avant d&rsquo;entrer en contact avec la cible (environ trois centi\u00adm\u00e8tres). Mais ne pas ex\u00e9cuter une technique jusqu&rsquo;au kim\u00e9 n&rsquo;\u00e9tant pas du vrai karat\u00e9, la question est donc de savoir conci\u00adlier la contradiction entre kim\u00e9 et sun-dom\u00e9.<\/p>\n<p class=\"right\"><img decoding=\"async\" title=\"Masatoshi Nakayama (1913-1987)\" src=\"http:\/\/jkatoulouse.com\/images\/nakayama.gif\" alt=\"Masatoshi Nakayama (1913-1987)\" \/><\/p>\n<p>La r\u00e9ponse consiste \u00e0 d\u00e9terminer la cible juste devant le point vital de l&rsquo;adversaire. On peut ensuite la frapper d&rsquo;une fa\u00e7on contr\u00f4l\u00e9e et avec un maximum de force sans toucher son partenaire. L&rsquo;entra\u00eenement transforme diff\u00e9rentes parties du corps en armes \u00e0 utiliser librement et efficacement. La ma\u00eetrise de soi est la qualit\u00e9 n\u00e9cessaire pour y parvenir.<\/p>\n<p>Pour vaincre, il faut d&rsquo;abord se dominer.<\/p>\n<p>Extrait de Best Karate par Nakayama sense\u00ef.<\/p>\n","protected":false},"excerpt":{"rendered":"<p>D\u00e9cider qui a gagn\u00e9 et qui a perdu n&rsquo;est pas l&rsquo;objectif final. Le karat\u00e9-do est un art martial qui d\u00e9veloppe le caract\u00e8re \u00e0 travers l&rsquo;entra\u00eenement,<\/p>\n","protected":false},"author":1,"featured_media":7,"parent":0,"menu_order":0,"comment_status":"closed","ping_status":"closed","template":"page-templates\/template-portfolio.php","meta":{"footnotes":""},"class_list":["post-96","page","type-page","status-publish","has-post-thumbnail","hentry"],"_links":{"self":[{"href":"https:\/\/jkatoulouse.com\/word\/wp-json\/wp\/v2\/pages\/96","targetHints":{"allow":["GET"]}}],"collection":[{"href":"https:\/\/jkatoulouse.com\/word\/wp-json\/wp\/v2\/pages"}],"about":[{"href":"https:\/\/jkatoulouse.com\/word\/wp-json\/wp\/v2\/types\/page"}],"author":[{"embeddable":true,"href":"https:\/\/jkatoulouse.com\/word\/wp-json\/wp\/v2\/users\/1"}],"replies":[{"embeddable":true,"href":"https:\/\/jkatoulouse.com\/word\/wp-json\/wp\/v2\/comments?post=96"}],"version-history":[{"count":5,"href":"https:\/\/jkatoulouse.com\/word\/wp-json\/wp\/v2\/pages\/96\/revisions"}],"predecessor-version":[{"id":267,"href":"https:\/\/jkatoulouse.com\/word\/wp-json\/wp\/v2\/pages\/96\/revisions\/267"}],"wp:featuredmedia":[{"embeddable":true,"href":"https:\/\/jkatoulouse.com\/word\/wp-json\/wp\/v2\/media\/7"}],"wp:attachment":[{"href":"https:\/\/jkatoulouse.com\/word\/wp-json\/wp\/v2\/media?parent=96"}],"curies":[{"name":"wp","href":"https:\/\/api.w.org\/{rel}","templated":true}]}}